{"id":2071,"date":"2017-09-19T07:54:52","date_gmt":"2017-09-19T07:54:52","guid":{"rendered":"http:\/\/212.129.25.185\/~abermove\/?page_id=2071"},"modified":"2023-03-26T16:13:31","modified_gmt":"2023-03-26T15:13:31","slug":"products-warranty","status":"publish","type":"page","link":"https:\/\/abermove.com\/pt\/products-warranty\/","title":{"rendered":"Products Warranty"},"content":{"rendered":"<p>[vc_row][vc_column][vc_column_text]Declaramos que o equipamento produzido pela ABER, Lda tem 12 meses de garantia contra defeitos mec\u00e2nicos de fabrico e 6 meses contra defeitos de fabrico el\u00e9ctricos.<\/p>\n<p>A garantia dos equipamentos da ABER, Lda. est\u00e1 limitada \u00e0 substitui\u00e7\u00e3o ou repara\u00e7\u00e3o do equipamento defeituoso quando verificado e reconhecido pela ABER.<\/p>\n<p>A ABER, Lda. n\u00e3o ser\u00e1, em circunst\u00e2ncia alguma, respons\u00e1vel por perda de tempo, custos de fabrico, m\u00e3o-de-obra, materiais, perda de lucros, danos incidentais, especiais ou consequentes, directos ou indirectos, devido a equipamentos defeituosos, quer devido a reclama\u00e7\u00f5es decorrentes do contrato de venda ou independentemente dele, e quer tal reclama\u00e7\u00e3o se baseie ou n\u00e3o em contrato, delito ou garantia.<\/p>\n<p>Esta garantia limitada substitui todas as outras garantias de qualquer natureza, expressas ou impl\u00edcitas, incluindo, mas n\u00e3o limitadas a, garantias de comercializa\u00e7\u00e3o ou adequa\u00e7\u00e3o ou para qualquer medida de servi\u00e7o ou adequa\u00e7\u00e3o ou para um fim espec\u00edfico, n\u00e3o resistindo a qualquer divulga\u00e7\u00e3o \u00e0 ABER, Ltd. da utiliza\u00e7\u00e3o a que o produto deve ser colocado.<\/p>\n<p>A venda de equipamentos da ABER, Ltd., sob qualquer outra garantia ou garantia, expressa ou impl\u00edcita, n\u00e3o est\u00e1 autorizada e n\u00e3o existem garantias feitas a bens ou produtos fabricados por qualquer outra pessoa que n\u00e3o a ABER, Ltd.<\/p>\n<p>Esta garantia n\u00e3o se aplica a pe\u00e7as sujeitas a desgaste normal, a equipamentos sujeitos a uso indevido, a problemas ou defeitos causados nos equipamentos por t\u00e9cnicos que n\u00e3o tenham sido previamente aprovados pela ABER, Lda.<\/p>\n<p>A garantia de um equipamento da ABER s\u00f3 pode ser dada se houver provas de que a sua manuten\u00e7\u00e3o \u00e9 feita correctamente durante a garantia.[\/vc_column_text][\/vc_column][\/vc_row]<\/p>","protected":false},"excerpt":{"rendered":"<p>[vc_row][vc_column][vc_column_text]Declaramos que o equipamento produzido pela ABER, Lda tem 12 meses de garantia contra defeitos mec\u00e2nicos de fabrico e 6 meses contra defeitos de fabrico el\u00e9ctricos. A garantia dos equipamentos&#8230;<\/p>\n","protected":false},"author":1,"featured_media":0,"parent":0,"menu_order":0,"comment_status":"closed","ping_status":"closed","template":"","meta":{"_monsterinsights_skip_tracking":false,"_monsterinsights_sitenote_active":false,"_monsterinsights_sitenote_note":"","_monsterinsights_sitenote_category":0},"yoast_head":"<!-- This site is optimized with the Yoast SEO plugin v19.2 - https:\/\/yoast.com\/wordpress\/plugins\/seo\/ -->\n<title>Products Warranty - ABERMOVE - Sistemas de Eleva\u00e7\u00e3o e Movimenta\u00e7\u00e3o<\/title>\n<meta name=\"description\" content=\"Garantia de produto - ABERMOVE - Sistemas de Eleva\u00e7\u00e3o e Movimenta\u00e7\u00e3o - Declaramos que os equipamentos produzidos pela ABER, Lda tem garantia de 12 meses...\" \/>\n<meta name=\"robots\" content=\"index, follow, max-snippet:-1, max-image-preview:large, max-video-preview:-1\" \/>\n<link rel=\"canonical\" href=\"https:\/\/abermove.com\/products-warranty\/\" \/>\n<meta property=\"og:locale\" content=\"pt_PT\" \/>\n<meta property=\"og:type\" content=\"article\" \/>\n<meta property=\"og:title\" content=\"[:pt]Products Warranty - ABERMOVE - Sistemas de Eleva\u00e7\u00e3o e Movimenta\u00e7\u00e3o[:]\" \/>\n<meta property=\"og:description\" content=\"{:pt}Garantia de produto - ABERMOVE - Sistemas de Eleva\u00e7\u00e3o e Movimenta\u00e7\u00e3o - Declaramos que os equipamentos produzidos pela ABER, Lda tem garantia de 12 meses...{:}\" \/>\n<meta property=\"og:url\" content=\"https:\/\/abermove.com\/products-warranty\/\" \/>\n<meta property=\"og:site_name\" content=\"ABERMOVE\" \/>\n<meta property=\"article:modified_time\" content=\"2023-03-26T15:13:31+00:00\" \/>\n<meta name=\"author\" content=\"ABERMOVE\" \/>\n<meta name=\"twitter:card\" content=\"summary_large_image\" \/>\n<meta name=\"twitter:label1\" content=\"Tempo estimado de leitura\" \/>\n\t<meta name=\"twitter:data1\" content=\"2 minutos\" \/>\n<script type=\"application\/ld+json\" class=\"yoast-schema-graph\">{\"@context\":\"https:\/\/schema.org\",\"@graph\":[{\"@type\":\"WebSite\",\"@id\":\"https:\/\/abermove.com\/#website\",\"url\":\"https:\/\/abermove.com\/\",\"name\":\"ABERMOVE\",\"description\":\"- eleva\u00e7\u00e3o e movimenta\u00e7\u00e3o\",\"potentialAction\":[{\"@type\":\"SearchAction\",\"target\":{\"@type\":\"EntryPoint\",\"urlTemplate\":\"https:\/\/abermove.com\/?s={search_term_string}\"},\"query-input\":\"required name=search_term_string\"}],\"inLanguage\":\"pt-PT\"},{\"@type\":\"WebPage\",\"@id\":\"https:\/\/abermove.com\/products-warranty\/#webpage\",\"url\":\"https:\/\/abermove.com\/products-warranty\/\",\"name\":\"[:pt]Products Warranty - ABERMOVE - Sistemas de Eleva\u00e7\u00e3o e Movimenta\u00e7\u00e3o[:]\",\"isPartOf\":{\"@id\":\"https:\/\/abermove.com\/#website\"},\"datePublished\":\"2017-09-19T07:54:52+00:00\",\"dateModified\":\"2023-03-26T15:13:31+00:00\",\"description\":\"{:pt}Garantia de produto - ABERMOVE - Sistemas de Eleva\u00e7\u00e3o e Movimenta\u00e7\u00e3o - Declaramos que os equipamentos produzidos pela ABER, Lda tem garantia de 12 meses...{:}\",\"breadcrumb\":{\"@id\":\"https:\/\/abermove.com\/products-warranty\/#breadcrumb\"},\"inLanguage\":\"pt-PT\",\"potentialAction\":[{\"@type\":\"ReadAction\",\"target\":[\"https:\/\/abermove.com\/products-warranty\/\"]}]},{\"@type\":\"BreadcrumbList\",\"@id\":\"https:\/\/abermove.com\/products-warranty\/#breadcrumb\",\"itemListElement\":[{\"@type\":\"ListItem\",\"position\":1,\"name\":\"Home\",\"item\":\"https:\/\/abermove.com\/\"},{\"@type\":\"ListItem\",\"position\":2,\"name\":\"Products Warranty\"}]}]}<\/script>\n<!-- \/ Yoast SEO plugin. -->","yoast_head_json":{"title":"Products Warranty - ABERMOVE - Sistemas de Eleva\u00e7\u00e3o e Movimenta\u00e7\u00e3o","description":"Garantia de produto - ABERMOVE - Sistemas de Eleva\u00e7\u00e3o e Movimenta\u00e7\u00e3o - Declaramos que os equipamentos produzidos pela ABER, Lda tem garantia de 12 meses...","robots":{"index":"index","follow":"follow","max-snippet":"max-snippet:-1","max-image-preview":"max-image-preview:large","max-video-preview":"max-video-preview:-1"},"canonical":"https:\/\/abermove.com\/products-warranty\/","og_locale":"pt_PT","og_type":"article","og_title":"[:pt]Products Warranty - ABERMOVE - Sistemas de Eleva\u00e7\u00e3o e Movimenta\u00e7\u00e3o[:]","og_description":"{:pt}Garantia de produto - ABERMOVE - Sistemas de Eleva\u00e7\u00e3o e Movimenta\u00e7\u00e3o - Declaramos que os equipamentos produzidos pela ABER, Lda tem garantia de 12 meses...{:}","og_url":"https:\/\/abermove.com\/products-warranty\/","og_site_name":"ABERMOVE","article_modified_time":"2023-03-26T15:13:31+00:00","author":"ABERMOVE","twitter_card":"summary_large_image","twitter_misc":{"Tempo estimado de leitura":"2 minutos"},"schema":{"@context":"https:\/\/schema.org","@graph":[{"@type":"WebSite","@id":"https:\/\/abermove.com\/#website","url":"https:\/\/abermove.com\/","name":"ABERMOVE","description":"- eleva\u00e7\u00e3o e movimenta\u00e7\u00e3o","potentialAction":[{"@type":"SearchAction","target":{"@type":"EntryPoint","urlTemplate":"https:\/\/abermove.com\/?s={search_term_string}"},"query-input":"required name=search_term_string"}],"inLanguage":"pt-PT"},{"@type":"WebPage","@id":"https:\/\/abermove.com\/products-warranty\/#webpage","url":"https:\/\/abermove.com\/products-warranty\/","name":"[:pt]Products Warranty - ABERMOVE - Sistemas de Eleva\u00e7\u00e3o e Movimenta\u00e7\u00e3o[:]","isPartOf":{"@id":"https:\/\/abermove.com\/#website"},"datePublished":"2017-09-19T07:54:52+00:00","dateModified":"2023-03-26T15:13:31+00:00","description":"{:pt}Garantia de produto - ABERMOVE - Sistemas de Eleva\u00e7\u00e3o e Movimenta\u00e7\u00e3o - Declaramos que os equipamentos produzidos pela ABER, Lda tem garantia de 12 meses...{:}","breadcrumb":{"@id":"https:\/\/abermove.com\/products-warranty\/#breadcrumb"},"inLanguage":"pt-PT","potentialAction":[{"@type":"ReadAction","target":["https:\/\/abermove.com\/products-warranty\/"]}]},{"@type":"BreadcrumbList","@id":"https:\/\/abermove.com\/products-warranty\/#breadcrumb","itemListElement":[{"@type":"ListItem","position":1,"name":"Home","item":"https:\/\/abermove.com\/"},{"@type":"ListItem","position":2,"name":"Products Warranty"}]}]}},"_links":{"self":[{"href":"https:\/\/abermove.com\/pt\/wp-json\/wp\/v2\/pages\/2071"}],"collection":[{"href":"https:\/\/abermove.com\/pt\/wp-json\/wp\/v2\/pages"}],"about":[{"href":"https:\/\/abermove.com\/pt\/wp-json\/wp\/v2\/types\/page"}],"author":[{"embeddable":true,"href":"https:\/\/abermove.com\/pt\/wp-json\/wp\/v2\/users\/1"}],"replies":[{"embeddable":true,"href":"https:\/\/abermove.com\/pt\/wp-json\/wp\/v2\/comments?post=2071"}],"version-history":[{"count":14,"href":"https:\/\/abermove.com\/pt\/wp-json\/wp\/v2\/pages\/2071\/revisions"}],"predecessor-version":[{"id":3076,"href":"https:\/\/abermove.com\/pt\/wp-json\/wp\/v2\/pages\/2071\/revisions\/3076"}],"wp:attachment":[{"href":"https:\/\/abermove.com\/pt\/wp-json\/wp\/v2\/media?parent=2071"}],"curies":[{"name":"wp","href":"https:\/\/api.w.org\/{rel}","templated":true}]}}

<p>[vc_row][vc_column][vc_column_text]Declaramos que o equipamento produzido pela ABER, Lda tem 12 meses de garantia contra defeitos mecânicos de fabrico e 6 meses contra defeitos de fabrico eléctricos.</p>
<p>A garantia dos equipamentos da ABER, Lda. está limitada à substituição ou reparação do equipamento defeituoso quando verificado e reconhecido pela ABER.</p>
<p>A ABER, Lda. não será, em circunstância alguma, responsável por perda de tempo, custos de fabrico, mão-de-obra, materiais, perda de lucros, danos incidentais, especiais ou consequentes, directos ou indirectos, devido a equipamentos defeituosos, quer devido a reclamações decorrentes do contrato de venda ou independentemente dele, e quer tal reclamação se baseie ou não em contrato, delito ou garantia.</p>
<p>Esta garantia limitada substitui todas as outras garantias de qualquer natureza, expressas ou implícitas, incluindo, mas não limitadas a, garantias de comercialização ou adequação ou para qualquer medida de serviço ou adequação ou para um fim específico, não resistindo a qualquer divulgação à ABER, Ltd. da utilização a que o produto deve ser colocado.</p>
<p>A venda de equipamentos da ABER, Ltd., sob qualquer outra garantia ou garantia, expressa ou implícita, não está autorizada e não existem garantias feitas a bens ou produtos fabricados por qualquer outra pessoa que não a ABER, Ltd.</p>
<p>Esta garantia não se aplica a peças sujeitas a desgaste normal, a equipamentos sujeitos a uso indevido, a problemas ou defeitos causados nos equipamentos por técnicos que não tenham sido previamente aprovados pela ABER, Lda.</p>
<p>A garantia de um equipamento da ABER só pode ser dada se houver provas de que a sua manutenção é feita correctamente durante a garantia.[/vc_column_text][/vc_column][/vc_row]</p>

<p>[vc_row][vc_column][vc_column_text]Declaramos que o equipamento produzido pela ABER, Lda tem 12 meses de garantia contra defeitos mecânicos de fabrico e 6 meses contra defeitos de fabrico eléctricos. A garantia dos equipamentos&#8230;</p>

<!-- This site is optimized with the Yoast SEO plugin v19.2 - https://yoast.com/wordpress/plugins/seo/ -->
<title>Products Warranty - ABERMOVE - Sistemas de Elevação e Movimentação</title>
<meta name="description" content="Garantia de produto - ABERMOVE - Sistemas de Elevação e Movimentação - Declaramos que os equipamentos produzidos pela ABER, Lda tem garantia de 12 meses..." />
<meta name="robots" content="index, follow, max-snippet:-1, max-image-preview:large, max-video-preview:-1" />
<link rel="canonical" href="https://abermove.com/products-warranty/" />
<meta property="og:locale" content="pt_PT" />
<meta property="og:type" content="article" />
<meta property="og:title" content="[:pt]Products Warranty - ABERMOVE - Sistemas de Elevação e Movimentação[:]" />
<meta property="og:description" content="{:pt}Garantia de produto - ABERMOVE - Sistemas de Elevação e Movimentação - Declaramos que os equipamentos produzidos pela ABER, Lda tem garantia de 12 meses...{:}" />
<meta property="og:url" content="https://abermove.com/products-warranty/" />
<meta property="og:site_name" content="ABERMOVE" />
<meta property="article:modified_time" content="2023-03-26T15:13:31+00:00" />
<meta name="author" content="ABERMOVE" />
<meta name="twitter:card" content="summary_large_image" />
<meta name="twitter:label1" content="Tempo estimado de leitura" />
	<meta name="twitter:data1" content="2 minutos" />
<script type="application/ld+json" class="yoast-schema-graph">{"@context":"https://schema.org","@graph":[{"@type":"WebSite","@id":"https://abermove.com/#website","url":"https://abermove.com/","name":"ABERMOVE","description":"- elevação e movimentação","potentialAction":[{"@type":"SearchAction","target":{"@type":"EntryPoint","urlTemplate":"https://abermove.com/?s={search_term_string}"},"query-input":"required name=search_term_string"}],"inLanguage":"pt-PT"},{"@type":"WebPage","@id":"https://abermove.com/products-warranty/#webpage","url":"https://abermove.com/products-warranty/","name":"[:pt]Products Warranty - ABERMOVE - Sistemas de Elevação e Movimentação[:]","isPartOf":{"@id":"https://abermove.com/#website"},"datePublished":"2017-09-19T07:54:52+00:00","dateModified":"2023-03-26T15:13:31+00:00","description":"{:pt}Garantia de produto - ABERMOVE - Sistemas de Elevação e Movimentação - Declaramos que os equipamentos produzidos pela ABER, Lda tem garantia de 12 meses...{:}","breadcrumb":{"@id":"https://abermove.com/products-warranty/#breadcrumb"},"inLanguage":"pt-PT","potentialAction":[{"@type":"ReadAction","target":["https://abermove.com/products-warranty/"]}]},{"@type":"BreadcrumbList","@id":"https://abermove.com/products-warranty/#breadcrumb","itemListElement":[{"@type":"ListItem","position":1,"name":"Home","item":"https://abermove.com/"},{"@type":"ListItem","position":2,"name":"Products Warranty"}]}]}</script>
<!-- / Yoast SEO plugin. -->

Products Warranty - ABERMOVE - Sistemas de Elevação e Movimentação

Garantia de produto - ABERMOVE - Sistemas de Elevação e Movimentação - Declaramos que os equipamentos produzidos pela ABER, Lda tem garantia de 12 meses...

[:pt]Products Warranty - ABERMOVE - Sistemas de Elevação e Movimentação[:]

{:pt}Garantia de produto - ABERMOVE - Sistemas de Elevação e Movimentação - Declaramos que os equipamentos produzidos pela ABER, Lda tem garantia de 12 meses...{:}

- elevação e movimentação
